 36 is divided by 14?
8
What is the remainder when 118 is divided by 113?
5
What is the remainder when 320 is divided by 23?
21
Calculate the remainder when 1621 is divided by 149.
131
Calculate the remainder when 419 is divided by 60.
59
Calculate the remainder when 645 is divided by 24.
21
What is the remainder when 2311 is divided by 14?
1
Calculate the remainder when 50 is divided by 5.
0
What is the remainder when 1025 is divided by 54?
53
Calculate the remainder when 222 is divided by 15.
12
What is the remainder when 3792 is divided by 380?
372
What is the remainder when 517 is divided by 44?
33
What is the remainder when 38 is divided by 11?
5
What is the remainder when 2807 is divided by 699?
11
Calculate the remainder when 3640 is divided by 31.
13
What is the remainder when 157 is divided by 88?
69
Calculate the remainder when 205 is divided by 35.
30
Calculate the remainder when 959 is divided by 53.
5
What is the remainder when 692 is divided by 54?
44
What is the remainder when 2904 is divided by 2891?
13
Calculate the remainder when 106 is divided by 22.
18
Calculate the remainder when 48 is divided by 47.
1
Calculate the remainder when 2065 is divided by 109.
103
What is the remainder when 48 is divided by 10?
8
Calculate the remainder when 254 is divided by 52.
46
Calculate the remainder when 9625 is divided by 3202.
19
What is the remainder when 1232 is divided by 15?
2
Calculate the remainder when 85 is divided by 24.
13
What is the remainder when 809 is divided by 18?
17
What is the remainder when 7624 is divided by 141?
10
What is the remainder when 206 is divided by 75?
56
What is the remainder when 61 is divided by 12?
1
What is the remainder when 701 is divided by 350?
1
What is the remainder when 125 is divided by 18?
17
What is the remainder when 101 is divided by 36?
29
What is the remainder when 220 is divided by 58?
46
What is the remainder when 319 is divided by 7?
4
What is the remainder when 1033 is divided by 11?
10
Calculate the remainder when 79 is divided by 36.
7
What is the remainder when 8638 is divided by 60?
58
What is the remainder when 5446 is divided by 69?
64
What is the remainder when 176 is divided by 45?
41
What is the remainder when 4139 is divided by 26?
5
Calculate the remainder when 146 is divided by 36.
2
Calculate the remainder when 1455 is divided by 104.
103
What is the remainder when 939 is divided by 258?
165
Calculate the remainder when 63 is divided by 44.
19
What is the remainder when 695 is divided by 56?
23
Calculate the remainder when 765 is divided by 78.
63
What is the remainder when 845 is divided by 176?
141
Calculate the remainder when 338 is divided by 27.
14
What is the remainder when 608 is divided by 10?
8
What is the remainder when 132 is divided by 79?
53
Calculate the remainder when 444 is divided by 166.
112
What is the remainder when 975 is divided by 16?
15
Calculate the remainder when 146 is divided by 6.
2
Calculate the remainder when 202 is divided by 19.
12
Calculate the remainder when 201 is divided by 34.
31
What is the remainder when 3231 is divided by 14?
11
What is the remainder when 80 is divided by 2?
0
Calculate the remainder when 757 is divided by 107.
8
Calculate the remainder when 181 is divided by 61.
59
What is the remainder when 571 is divided by 83?
73
Calculate the remainder when 1652 is divided by 12.
8
Calculate the remainder when 589 is divided by 198.
193
Calculate the remainder when 429 is divided by 14.
9
What is the remainder when 114 is divided by 9?
6
What is the remainder when 167 is divided by 13?
11
Calculate the remainder when 2326 is divided by 143.
38
Calculate the remainder when 730 is divided by 157.
102
What is the remainder when 206 is divided by 57?
35
What is the remainder when 205 is divided by 52?
49
Calculate the remainder when 4418 is divided by 65.
63
Calculate the remainder when 1072 is divided by 340.
52
Calculate the remainder when 170 is divided by 6.
2
Calculate the remainder when 377 is divided by 62.
5
Calculate the remainder when 209 is divided by 43.
37
What is the remainder when 25593 is divided by 23?
17
What is the remainder when 186 is divided by 5?
1
Calculate the remainder when 6118 is divided by 29.
28
What is the remainder when 47 is divided by 20?
7
What is the remainder when 231 is divided by 18?
15
Calculate the remainder when 525 is divided by 11.
8
What is the remainder when 310 is divided by 21?
16
What is the remainder when 452 is divided by 91?
88
What is the remainder when 9118 is divided by 96?
94
What is the remainder when 169 is divided by 6?
1
What is the remainder when 273 is divided by 16?
1
Calculate the remainder when 275 is divided by 32.
19
What is the remainder when 1283 is divided by 184?
179
Calculate the remainder when 1752 is divided by 25.
2
What is the remainder when 223 is divided by 39?
28
What is the remainder when 372 is divided by 141?
90
Calculate the remainder when 486 is divided by 99.
90
What is the remainder when 282 is divided by 72?
66
Calculate the remainder when 568 is divided by 20.
8
Calculate the remainder when 4240 is divided by 42.
40
What is the remainder when 326 is divided by 185?
141
What is the remainder when 417 is divided by 57?
18
Calculate the remainder when 543 is divided by 68.
67
What is the remainder when 98 is divided by 26?
20
Calculate the remainder when 187 is divided by 8.
3
What is the remainder when 49 is divided by 13?
10
Calculate the remainder when 119 is divided by 57.
5
Calculate the remainder when 295 is divided by 130.
35
Calculate the remainder when 61 is divided by 18.
7
Calculate the remainder when 30 is divided by 28.
2
Calculate the remainder when 961 is divided by 74.
73
What is the remainder when 146 is divided by 33?
14
Calculate the remainder when 59 is divided by 26.
7
Calculate the remainder when 13 is divided by 11.
2
What is the remainder when 286 is divided by 98?
90
Calculate the remainder when 274 is divided by 78.
40
Calculate the remainder when 263 is divided by 25.
13
Calculate the remainder when 3898 is divided by 65.
63
Calculate the remainder when 2132 is divided by 24.
20
What is the remainder when 1343 is divided by 80?
63
What is the remainder when 610 is divided by 41?
36
What is the remainder when 70 is divided by 34?
2
Calculate the remainder when 1835 is divided by 155.
130
What is the remainder when 696 is divided by 28?
24
Calculate the remainder when 404 is divided by 135.
134
Calculate the remainder when 1279 is divided by 28.
19
Calculate the remainder when 42189 is divided by 24.
21
Calculate the remainder when 70 is divided by 30.
10
Calculate the remainder when 762 is divided by 760.
2
What is the remainder when 344 is divided by 35?
29
What is the remainder when 1561 is divided by 387?
13
Calculate the remainder when 9678 is divided by 88.
86
Calculate the remainder when 379 is divided by 19.
18
What is the remainder when 4915 is divided by 18?
1
What is the remainder when 107 is divided by 40?
27
What is the remainder when 435 is divided by 22?
17
What is the remainder when 1374 is divided by 92?
86
What is the remainder when 657 is divided by 165?
162
Calculate the remainder when 263 is divided by 179.
84
What is the remainder when 238 is divided by 83?
72
Calculate the remainder when 974 is divided by 4.
2
What is the remainder when 57 is divided by 20?
17
Calculate the remainder when 158 is divided by 5.
3
What is the remainder when 188 is divided by 10?
8
What is the remainder when 593 is divided by 64?
17
What is the remainder when 85 is divided by 25?
10
Calculate the remainder when 47 is divided by 21.
5
What is the remainder when 662 is divided by 10?
2
Calculate the remainder when 808 is divided by 90.
88
Calculate the remainder when 2409 is divided by 12.
9
Calculate the remainder when 148 is divided by 69.
10
What is the remainder when 790 is divided by 33?
31
What is the remainder when 37 is divided by 23?
14
Calculate the remainder when 273 is divided by 6.
3
Calculate the remainder when 1434 is divided by 5.
4
Calculate the remainder when 418 is divided by 53.
47
Calculate the remainder when 486 is divided by 161.
3
Calculate the remainder when 268 is divided by 97.
74
What is